e factors of w?
2, 5
Let b(c) = 171*c - 6. What are the prime factors of b(3)?
3, 13
Suppose -2*w - 2*c - 8150 = 0, -25750 + 9442 = 4*w - 4*c. What are the prime factors of (-4)/18 + (w/(-36) - -2)?
5, 23
Suppose -4275 = -19*g - 6*g. What are the prime factors of g?
3, 19
Let r(i) = -355*i**3. Let q be r(-1). Let a be q/(-25) + (-3)/(-15). What are the prime factors of (-10)/(-35) - 416/a?
2, 3, 5
List the prime factors of (830/4)/((-6)/(-12)).
5, 83
Let t = 446 - 269. What are the prime factors of t?
3, 59
Suppose -4*h + 2*h = -8. Suppose -12 = -3*l, h*i - 120 = l + l. Let q = 45 - i. List the prime factors of q.
13
Let l be (-2)/(5/490*4). List the prime factors of (135 - 2)*(-84)/l.
2, 3, 19
Let b = -74 + 40. Let k = b + 80. What are the prime factors of k?
2, 23
Let p = 1 + 5. Let z be (11 - 1) + p/(-2). What are the prime factors of (z/(-1) - -2)*-3?
3, 5
Let q be ((-4)/21*-9)/(2/301). Suppose -q = -6*w + 3*w. List the prime factors of w.
2, 43
Let s = -16 + 24. What are the prime factors of 16/s - 29*-1?
31
Let j be (-449)/(-2) - 4/8. Suppose 3*b - 7*b + j = 0. Suppose -b = -6*l + 2*l. What are the prime factors of l?
2, 7
Let d(a) = 165*a**2 - a + 3. List the prime factors of d(2).
661
Let n(m) = -m**3 + 12*m**2 - 11*m - 11. Let z be n(11). Let a(j) = -7*j - 17. List the prime factors of a(z).
2, 3, 5
Let u be (9 - 14)*(-2 - -1). Suppose 22 + 58 = u*r. What are the prime factors of r?
2
Let t(n) = -n**3 - 16*n**2 - 13*n + 22. Let k be t(-15). Let g = 26 - k. What are the prime factors of g?
2, 17
Let d = 1 - 6. Let j(k) = k + 8. Let b be j(d). Suppose 95 = 2*x + b*x. List the prime factors of x.
19
Suppose 4*w + 5*z - 6*z = 3, -2*w - 1 = -z. Suppose w*y - 210 = p + 21, 359 = 3*y + p. What are the prime factors of y?
2, 59
Let j(l) = -17 + 5 - 40*l + 6. What are the prime factors of j(-4)?
2, 7, 11
Suppose -h = 2*h - 15, 210 = 5*t + 2*h. Let n = 55 + t. List the prime factors of n.
5, 19
Let g(h) = -h**3 - h**2 - 6*h - 3. Let q = 11 - 14. What are the prime factors of g(q)?
3, 11
Let j = -323 - -600. What are the prime factors of j?
277
Let o(c) = c**3 + 2*c**2 + 3*c + 3. Let q be o(-2). Let k = -105 + 117. Let y = q + k. What are the prime factors of y?
3
Let x(s) = -52*s - 2. List the prime factors of x(-1).
2, 5
Let j(q) = 2*q**3 + 19*q**2 - 18*q - 29. Let v(o) = o**3 + 10*o**2 - 9*o - 14. Let s(n) = -6*j(n) + 11*v(n). What are the prime factors of s(-8)?
2, 3, 17
Suppose n = -4*k + 2, -5*n + k + 2*k + 10 = 0. Suppose r + n = 4. Suppose 3*l - 2*s = r*s + 17, -l + s = -7. What are the prime factors of l?
11
Let r(h) = -4*h + 61. Let z be r(15). What are the prime factors of (2 - (-7 + 5)) + (308 - z)?
311
Suppose -4973 - 1947 = -20*w. List the prime factors of w.
2, 173
Let v = 3199 + -2141. List the prime factors of v.
2, 23
Let h be (-3 + -6)*4/6. Let c be (-6)/h - (-11 - 0). List the prime factors of ((-4)/c)/((-1)/24).
2
Let o = -79 + 83. Suppose 0*c + 16 = o*c, -4*c - 16 = -4*w. What are the prime factors of w?
2
Let z(u) = -u**3 - 17*u**2 + u + 20. Let h be z(-17). Let n(p) = 6*p**2 + p + 4. What are the prime factors of n(h)?
61
What are the prime factors of 1*-117*(-14)/((-84)/(-234))?
3, 13
Suppose -3*h + 17 - 97 = 5*b, 0 = 4*b + 5*h + 51. Let u = b + 46. List the prime factors of u.
3
Let d be ((-56)/10)/((-1584)/(-200) + -8). Let f = -66 + d. What are the prime factors of f?
2
Suppose -2226 - 689 = -4*d - v, 0 = d - v - 725. List the prime factors of d.
2, 7, 13
Let v be 1*5/15*(16 - 1). Suppose v*x + 84 = 12*x. What are the prime factors of x?
2, 3
Suppose -70*f + 65*f = -2180. What are the prime factors of f?
2, 109
Suppose 18 = m - 4*x, 2*m - 2*x - 14 = -m. Suppose 9*h - 336 = m*h. List the prime factors of h.
2, 3
Suppose 19*d - 69*d = -28300. List the prime factors of d.
2, 283
Let t be 6/4 + 34/4. Suppose -t = -2*m - 3*m. Suppose 0 = m*y + f - 36 - 11, -2*y - 2*f = -48. List the prime factors of y.
23
List the prime factors of (-12990)/(-18) - (-28)/21.
3, 241
Let z be ((-2)/2 - 0)*8. Let f be (264/z)/((-6)/4). List the prime factors of (-1)/((-68)/f - -3).
11
Suppose 8093 = -18*a + 31565. List the prime factors of a.
2, 163
Suppose -3*b + 0*b = 24. Let n be 6*b/12 - 1. Let g(x) = x**2 + 7. What are the prime factors of g(n)?
2
Suppose -14*q + 540 = -23*q. Let v = -133 + 225. Let w = v + q. What are the prime factors of w?
2
Let h(b) = b**2 - b + 4. Let p be h(9). Suppose w - 30 = -w. Let d = p - w. What are the prime factors of d?
61
Let j = -18 - -16. Let r = -10 + 14. Let x = j + r. What are the prime factors of x?
2
List the prime factors of 16/(-28) - 464382/(-126).
5, 11, 67
Let k(s) = -s**2 + 11*s - 3. Let b be k(5). Let m = 6 + b. What are the prime factors of m?
3, 11
Let i(y) = y**3 + 8*y**2 - 4*y - 12. Let h be (-6)/(-27) + 141/(-27). Let c be 4/((-1)/(-3 - h)). List the prime factors of i(c).
2, 5
List the prime factors of (-43356)/(-20) - (-28)/(-35).
11, 197
Let c(b) = 3*b**2 - 24*b + 9. Let m(a) = -4*a**2 + 25*a - 9. Let l(g) = 5*c(g) + 4*m(g). List the prime factors of l(-18).
3, 5
Let t = 47 + -47. Suppose -161 = -t*k - 7*k. List the prime factors of k.
23
Let b(i) = 4*i + 6. Let u be b(-3). Let r be ((-10)/(-6))/((-2)/u). Suppose 3*o = 3, -r*a + 4 = -3*o - 3. List the prime factors of a.
2
Let s be -2*(3 + (-36)/8). Suppose -6 - s = p. What are the prime factors of (14/(-3))/(p/27)?
2, 7
What are the prime factors of (-353948)/(-112) - 12/(-16)?
29, 109
Suppose -h - h - 1690 = -5*u, -3*u = 3*h - 1035. List the prime factors of u.
2, 5, 17
Let j = -21 + 29. Suppose -12*x - j*x = -2240. List the prime factors of x.
2, 7
What are the prime factors of 5084/82*(-21)/(-2)?
3, 7, 31
Let j = 73 - 21. Let i = j - 30. What are the prime factors of i?
2, 11
Let p be (-30)/(-4) - (-2)/(-4). Let y(s) = s**2 - 8*s + 9. Let w be y(7). List the prime factors of w + 0 + (p - 4).
5
Let r(w) = 15*w**3 + 2*w**2 - w - 2. Let b be r(-1). List the prime factors of 10*(-55)/b + (-6)/21.
3, 13
Suppose v - 41 = 2*n, 4*v = -2*n + 8*v - 56. Let c = n - -151. List the prime factors of c.
7, 19
Suppose -60 = -k - 5. Let f = -45 + k. What are the prime factors of f?
2, 5
Suppose 1746 = -10*h + 16*h. List the prime factors of h.
3, 97
Suppose -5*w = 5*f - 2*w + 379, -3*f - 5*w = 237. Suppose -4*c = -11 - 465. Let o = f + c. List the prime factors of o.
3, 5
Suppose -9*u = -3424 - 6989. List the prime factors of u.
13, 89
Let s = 24 + 259. List the prime factors of s.
283
Suppose 1062 = 5*v + 4*o - 1102, -4*v = o - 1740. What are the prime factors of v?
2, 109
Suppose 0 = -5*i - 289 - 441. List the prime factors of (i/(-4) + -2)/((-15)/(-40)).
2, 23
Suppose 3*d - 3*b = 24, -d + 5*b - 7 = -31. Suppose 18 = 5*j + l, 24 = 8*j - 4*j + d*l. Suppose 1 = k - j. What are the prime factors of k?
2
What are the prime factors of 7*89 + (-12 - -17)?
2, 157
Suppose 7*y + 70 = -14. What are the prime factors of (-9)/y + (-37)/(-4)?
2, 5
Suppose -5*s = 4*o - 12698, -o - 144 = -146. What are the prime factors of s?
2, 3, 47
Suppose -3*d - 4*z = -24 - 7, 5*d + 2*z - 47 = 0. Let c(j) = -2*j - j - 4 - d*j + j. What are the prime factors of c(-5)?
3, 17
Let u = -1631 - -2307. List the prime factors of u.
2, 13
Let v = 407 - -1650. What are the prime factors of v?
11, 17
Let y = -1290 - -2248. What are the prime factors of y?
2, 479
Suppose 2*g - 3*x = -20, -5*g - 16 = -0*g + x. List the prime factors of (g - (-2 - 3))*35.
5, 7
Let v be ((-11)/33)/((-1)/18). Suppose -4*n + 3*s = -180, 4*n + v*s - 148 = s. Suppose -6*r - r + n = 0. What are the prime factors of r?
2, 3
Let q(r) = 2*r**2. Let g be q(-1). Suppose -g*f + 4*f - 34 = 0. Let i = -10 + f. List the prime factors of i.
7
Let o(z) = z**3 - z**2 + z + 6. Let j be o(0). Suppose -5*g - 14 = 4*y, -2*g - j = -5*g. List the prime factors of (-100)/y*6/4.
5
Let h(y) = 3*y + 2. Let z be h(0). Suppose -4*c = -z*c - 158. List the prime factors of c.
79
Let z(y) be the first derivative of -y**3/3 + 17*y**2/2 - 10*y - 1. Let q be z(7). What are the prime factors of (q/(-14))/(1/(-7))?
2, 3, 5
Let r = -1663 + 3298. What are the prime factors of r?
3, 5, 109
Suppose o + 0*u + 22 = 2*u, 3*o = 3*u - 57. Let i = 57 - o. List the prime factors of i.
73
Let c be 10/(-55) - 4/(-22). Let g(j) = 2*j + 14. List the 